at is the remainder when 119 is divided by f?
11
Let n(t) = 3*t - 9. Let p be n(11). Suppose 3*k - 2*k - p = 0. Calculate the remainder when 71 is divided by k.
23
Let v(p) = -p - 8. Let l be v(-9). Suppose 26 = 2*t + 3*n - l, 3*n + 78 = 5*t. Calculate the remainder when 42 is divided by t.
12
Let h = -103 - -103. Suppose -80 = -2*a - h*a - 3*q, -5*q = 5*a - 190. Calculate the remainder when a is divided by 12.
10
Let b = -84 + 60. Let z = 29 + b. What is the remainder when z is divided by 4?
1
Let b(u) = 48*u**2 - 5*u + 5. Let a be b(1). Let y = 73 - a. Let m = 73 - 26. Calculate the remainder when m is divided by y.
22
Let a = -59 + 75. Calculate the remainder when 109 is divided by a.
13
What is the remainder when 83 is divided by (-4)/(-6) + 380/60?
6
Suppose 2*a + q = 32, -3*a - 3*q = 2*q - 41. Let c(u) = 19*u + 25. Calculate the remainder when c(4) is divided by a.
16
Let k = 115 + -150. What is the remainder when (-42)/k*320/6 is divided by 11?
9
Calculate the remainder when 17 is divided by (4 - 15/5)/1 + 3.
1
Let p = 0 + -77. Calculate the remainder when 85 is divided by (-4)/22 - 1708/p.
19
Let j(u) = 25*u**2 + 5*u + 5. Let m be j(-2). Suppose -4*y - f - 3*f + 44 = 0, 0 = -5*y + 5*f + m. What is the remainder when 24 is divided by y?
9
Suppose 5*g - 51 = -1. Suppose 168*o = 169*o - 88. What is the remainder when o is divided by g?
8
Suppose -10*q - 1589 = -17*q. What is the remainder when q is divided by 8?
3
Let n be (131 + 2)*162/63. Suppose n = -4*h + 7*h. Calculate the remainder when h is divided by 20.
14
Suppose -t + 19 = -4*w, 2*w - 7*w - 65 = -5*t. Calculate the remainder when 97 is divided by t.
9
Suppose -5*b - 4*y = -207, 48*b - 4*y - 144 = 44*b. What is the remainder when 349 is divided by b?
37
Suppose 51 + 51 = s. Let v = s - 78. What is the remainder when 70 is divided by v?
22
Let p be (0 - (-4 + 1))*(-16)/(-12). Suppose w + p*w + 4*k - 86 = 0, 2*w - 3*k = 16. Calculate the remainder when 45 is divided by w.
3
Suppose 2*h - 3*b = 127, 3*b - 73 = -4*h + 208. Calculate the remainder when h is divided by 30.
8
Suppose 15*b - 9920 = 1630. What is the remainder when b is divided by 9?
5
Let m = -14 + -2. Let p = m + 20. Suppose -p*o + b = -110, 4*o - 5*b = -o + 145. Calculate the remainder when o is divided by 15.
12
What is the remainder when (51/68)/((-6)/(-952)) is divided by 18?
11
Let g be 87*(1 + -2) - 1. Let l = -48 - g. Suppose i - l = -3*i. What is the remainder when 27 is divided by i?
7
Let h = 16 - 10. Let r be (9/(-21))/(3/(-21)). Suppose 5*y - 2*z - 93 = 0, -h*y = -y - r*z - 97. Calculate the remainder when y is divided by 11.
6
Let m(j) = 2*j**3 + 2*j**2 - 3*j - 1. Suppose 4*z + 8 = 0, -3*i + 4 = -4*z - 10. What is the remainder when 50 is divided by m(i)?
16
Let o = 81 - 86. Calculate the remainder when 141 is divided by (5 + -9)*o/(10/12).
21
Suppose -5*o - l = -3*o - 360, 3*l - 360 = -2*o. What is the remainder when o is divided by 14?
12
Let f(j) = 2*j + 22. Let y be f(-10). Calculate the remainder when 53 is divided by 1 - (-10 - -6)*5/y.
9
Let v be (-75)/(-6) - 2 - 21/(-14). Suppose 4*x + v = 0, 3*j + 2*x = -0*j + 60. Let s = 174 - 111. Calculate the remainder when s is divided by j.
19
Suppose 11*j - 14*j + 21 = 0. Suppose -4*c + 2*k + 6 = 0, 2*c + 5*k = 1 + 8. Suppose 0 = c*y + 5 - 27. What is the remainder when y is divided by j?
4
Calculate the remainder when 62 is divided by -6*(-2)/6 + (13 - -1).
14
Suppose 0*k = 2*k + 20. Let i be (-3)/(-1 + (-8)/k). Let l = 4 + i. What is the remainder when 73 is divided by l?
16
Let m be 4/10 - 46/(-10). Suppose -118 + 8 = -m*k. What is the remainder when 64 is divided by k?
20
Let m(l) = -8*l - 30. Suppose -3*j = -d + 3, -5*d = -2*j + 3 + 21. Calculate the remainder when m(d) is divided by 8.
2
Let k be (-377)/(-2) - (-2)/4. Suppose 0 = -6*o + k - 3. Calculate the remainder when 214 is divided by o.
28
Suppose 15*a - 999 - 1986 = 0. Calculate the remainder when a is divided by 10.
9
Suppose -o = 3*o. Suppose 4*q - 20 = -2*d, d + 4*q - 6 = -o*d. Suppose 4*p = p + 117. Calculate the remainder when p is divided by d.
11
Suppose -5*w + 11983 = -4*j, -2*w - 2*j + 1247 + 3557 = 0. What is the remainder when w is divided by 150?
149
Let u = -24 + 20. Calculate the remainder when 45 is divided by (-101)/u + 10/(-8).
21
Let o = 88 - 54. What is the remainder when 302 is divided by o?
30
Suppose -3*f = f + 24. Let u = f - -19. Calculate the remainder when u is divided by 8.
5
Suppose 4*v + 5*b - 277 = 0, 0 = 5*v - 59*b + 61*b - 359. Calculate the remainder when 171 is divided by v.
25
Suppose -3*r + 116 = -2*j, -3*j = -0*r + 3*r - 141. What is the remainder when 124 is divided by r?
40
Let u(i) = -20*i - 16*i + 11*i - 12. Let k be u(-6). Suppose d + 4*p = 39 - 8, 3*p - k = -5*d. What is the remainder when d is divided by 6?
3
Let m = 1536 - 1527. Let i(a) = -26*a**3. Calculate the remainder when i(-1) is divided by m.
8
Let p(s) = 19*s**2 - 13*s + 15. What is the remainder when 250 is divided by p(1)?
19
Let f(m) = 2*m**3 - 6*m**2 + 8*m - 2. Let o be f(3). Calculate the remainder when o - 1/(3/(-9)) - -2 is divided by 14.
13
Suppose -4*j - m - 4*m = -1970, 2*m = -4*j + 1976. Calculate the remainder when j is divided by 35.
5
Suppose -5*t = -2*x + 71 + 56, -4 = x. Let m = 42 + t. Calculate the remainder when m is divided by (-1)/3 + 95/15.
3
What is the remainder when 487 is divided by (5576/(-748))/((-1)/11)?
77
Suppose 5*i - 48 = -4*p - 7, 34 = 4*p - 2*i. Let q = 126 - p. Suppose -2*n - 4*t = -80, 4*t = -t + 25. What is the remainder when q is divided by n?
27
Let t(l) be the third derivative of -9*l**4/8 - l**3/2 - 3*l**2. Calculate the remainder when 95 is divided by t(-1).
23
Calculate the remainder when -1*(-300 - (5 - 6)) is divided by 107.
85
Suppose -4*q = -2*q - 26. Let t = 6 + -6. Suppose f + w - 22 + 3 = t, 4*f + 2*w = 84. Calculate the remainder when f is divided by q.
10
Let q = -1 + 25. Suppose i - 5*i + q = 0. Let j(c) = c - 2. Calculate the remainder when i is divided by j(7).
1
Suppose -2 = -4*a + 10. Calculate the remainder when 74 is divided by 19 - a/15*0.
17
What is the remainder when 280 is divided by (2 + 36)*(165/10)/11?
52
Let c(g) = -8*g + g**2 + 2*g + 3 - 2*g + 3. Let t be c(7). What is the remainder when 11 is divided by -1*t*(6 - -1)?
4
Suppose -9*i - 8*i = -680. Calculate the remainder when 188 is divided by i.
28
Let c(h) = 24*h + 390. What is the remainder when c(-10) is divided by 8?
6
What is the remainder when 5/(-5)*-10 - -172 is divided by 93?
89
Let a(r) = 12*r + 35. What is the remainder when 68 is divided by a(0)?
33
Suppose 26 = 5*h - 4*t - 26, 5*t - 1 = -2*h. Suppose -h*m + 7*m + 8 = 0. Suppose -7*x = -m*x + 74. Calculate the remainder when x is divided by 19.
17
Let t = -34 - -33. Calculate the remainder when (-105)/(-12) + t/(-4) is divided by 3.
0
Let m = -11 - -13. Suppose 0 = -4*d + m*c + 14, -3 = -c - 0*c. Let v(n) = 2*n + 3. Calculate the remainder when 64 is divided by v(d).
12
Suppose 225 = 85*f - 80*f. Calculate the remainder when 133 is divided by ((-9)/(-5))/(((-33)/f)/(-11)).
25
Let h = 423 - 414. Calculate the remainder when 80 is divided by h.
8
Let t = -2118 - -4195. Calculate the remainder when t is divided by 8.
5
Let t(k) = k**2 + 5*k - 24. Calculate the remainder when 21 is divided by t(-9).
9
Suppose -3*c - 56 = -2*k, 0 = -11*c + 8*c + 6. Calculate the remainder when 49 is divided by k.
18
Calculate the remainder when ((-20)/(-7))/((24/21)/4) is divided by 4.
2
Let o(q) = 2*q**2 + 51*q - 132. Calculate the remainder when o(-30) is divided by 73.
65
Calculate the remainder when (3/((-15)/(-100)))/((-3)/(-30)) is divided by 7.
4
Suppose 122*u - 39 = 119*u. Calculate the remainder when 116 is divided by u.
12
Let p(h) = -42*h - 33. Calculate the remainder when p(-3) is divided by 24.
21
Let d(p) = 2*p + 5. Let x(s) = 1. Let o(q) = 5*q + 3. Let u(g) = -o(g) - 6*x(g). Let k(l) = 9*d(l) + 4*u(l). What is the remainder when 31 is divided by k(-4)?
14
Let u = 40 + -24. Let w(d) = 2*d**2 - 4. What is the remainder when w(-4) is divided by u?
12
Suppose -175 = -5*o + 285. What is the remainder when 190 is divided by o?
6
Let o(r) = r**2 + 10*r - 93. Calculate the remainder when 80 is divided by o(9).
2
Let f = 1